{"id":195,"date":"2017-07-26T19:22:07","date_gmt":"2017-07-26T19:22:07","guid":{"rendered":"http:\/\/sscn.de\/?page_id=195"},"modified":"2018-04-25T23:18:49","modified_gmt":"2018-04-25T21:18:49","slug":"norddeutsche-meisterschaft-20172018","status":"publish","type":"page","link":"https:\/\/www.sscn.de\/?page_id=195","title":{"rendered":"Norddeutsche Meisterschaft 2017\/2018"},"content":{"rendered":"<div id=\"fb-root\"><\/div>\n<p><span style=\"font-size: 12pt;\"><img data-recalc-dims=\"1\" loading=\"lazy\" decoding=\"async\" data-attachment-id=\"904\" data-permalink=\"https:\/\/www.sscn.de\/?attachment_id=904\" data-orig-file=\"https:\/\/i0.wp.com\/www.sscn.de\/wp-content\/uploads\/2017\/07\/NDM_logo.jpg?fit=1000%2C849&amp;ssl=1\" data-orig-size=\"1000,849\" data-comments-opened=\"1\" data-image-meta=\"{&quot;aperture&quot;:&quot;0&quot;,&quot;credit&quot;:&quot;&quot;,&quot;camera&quot;:&quot;&quot;,&quot;caption&quot;:&quot;&quot;,&quot;created_timestamp&quot;:&quot;0&quot;,&quot;copyright&quot;:&quot;&quot;,&quot;focal_length&quot;:&quot;0&quot;,&quot;iso&quot;:&quot;0&quot;,&quot;shutter_speed&quot;:&quot;0&quot;,&quot;title&quot;:&quot;&quot;,&quot;orientation&quot;:&quot;1&quot;}\" data-image-title=\"NDM_logo\" data-image-description=\"\" data-image-caption=\"\" data-large-file=\"https:\/\/i0.wp.com\/www.sscn.de\/wp-content\/uploads\/2017\/07\/NDM_logo.jpg?fit=780%2C662&amp;ssl=1\" width=\"300\" height=\"255\" class=\"alignleft size-medium wp-image-904\" alt=\"\" src=\"https:\/\/i0.wp.com\/www.sscn.de\/wp-content\/uploads\/2017\/07\/NDM_logo.jpg?resize=300%2C255\" srcset=\"https:\/\/i0.wp.com\/www.sscn.de\/wp-content\/uploads\/2017\/07\/NDM_logo.jpg?resize=300%2C255&amp;ssl=1 300w, https:\/\/i0.wp.com\/www.sscn.de\/wp-content\/uploads\/2017\/07\/NDM_logo.jpg?resize=768%2C652&amp;ssl=1 768w, https:\/\/i0.wp.com\/www.sscn.de\/wp-content\/uploads\/2017\/07\/NDM_logo.jpg?w=1000&amp;ssl=1 1000w\" sizes=\"auto, (max-width: 300px) 100vw, 300px\" \/>Liebe Sportlerinnen, liebe Sportler,<\/span><\/p>\n<p><span style=\"font-size: 12pt;\">wie in den vergangenen Jahren veranstalten wir gemeinsam die \u201eNorddeutsche Meisterschaft\u201c.<\/span><\/p>\n<p>&nbsp;<\/p>\n<p><span style=\"font-size: 12pt;\">Wir haben dazu Folgendes festgelegt:<\/span><\/p>\n<p><span style=\"font-size: 12pt;\">Es finden 4 Rennen statt. Diese werden von den Vereinen ausgerichtet. Dazu beachtet bitte die Ausschreibung der einzelnen Vereine. Die Ausschreibungen k\u00f6nnen je nach Gegebenheiten der Vereine unterschiedlich sein.<\/span><\/p>\n<p>&nbsp;<\/p>\n<ul>\n<li><span style=\"font-size: 12pt;\">Die Meldungen der Starter\/innen der veranstaltenden Vereine haben Vorrang. Alle anderen Starter werden nach Eingang der Anmeldung nachgeordnet.<\/span><\/li>\n<li><span style=\"font-size: 12pt;\">Die Gesamtauswertung findet nach Norwegerpunkten statt.<\/span><\/li>\n<li><span style=\"font-size: 12pt;\">3 der besten Rennen kommen in die Wertung. Es m\u00fcssen zumindest 2 Rennen gefahren werden. <\/span><\/li>\n<li><span style=\"font-size: 12pt;\">Nur die Rennklassen ab 3 Startern kommen in die Wertung der Vereine und somit in die Norwegerpunktwertung.<\/span><\/li>\n<li><span style=\"font-size: 12pt;\">Es gelten die Rennregeln des IFFS. Helm und Handschuhe sind Pflicht in allen Klassen, au\u00dfer CC D und CC H. Wir empfehlen zum Eigenschutz das Tragen einer Schutzbrille.<br \/>\n <\/span><\/li>\n<\/ul>\n<p>&nbsp;<\/p>\n<p><span style=\"font-size: 12pt;\">Es gilt die VDSV Tierschutzverordnung, <\/span><span style=\"font-size: 12pt;\">Impfschutz f\u00fcr alle g\u00e4ngigen Hundeinfektionen m\u00fcssen vorhanden sein.<br \/>\n <\/span><span style=\"font-size: 12pt;\">Insbesondere empfehlen wir zus\u00e4tzlich, vor der Rennsaison, die nasale Impfung gegen Zwingerhusten.<br \/>\n <\/span><span style=\"font-size: 12pt;\">Es gelten die Vorschriften zum Impfen des IFSS.<\/span><\/p>\n<p><span style=\"font-size: 12pt;\"><b>Welpen ohne Grundimmunisierung d\u00fcrfen nicht mitgebracht werden.<\/b><\/span><\/p>\n<p>&nbsp;<\/p>\n<p><span style=\"font-size: 12pt;\">Folgende Klassen werden ausgefahren. CC D, CC H, DS 1, DS 2, DB 1, DB 2, DR 2, DR 4, DR 6, DR 8 und Offen in den Kategorien 1, 2, 3.<\/span><\/p>\n<p>&nbsp;<\/p>\n<p><span style=\"font-size: 12pt;\">Die Rennen:<\/span><\/p>\n<p><span style=\"font-size: 12pt;\">1. <a href=\"http:\/\/www.sscn.de\/event\/9-stroehener-schlittenhunderennen\/\">SSVS S\u00fcdoldenburg: Str\u00f6hen am 28. und 29. Oktober 17<\/a><\/span><\/p>\n<p><span style=\"font-size: 12pt;\">2. <a href=\"http:\/\/www.sscn.de\/event\/dwergter-sand-landal-park\/\" target=\"_blank\" rel=\"noopener\">SSCN: Dwergter Sand\/Landal Park am 2. und 3. Dezember 17<\/a><\/span><\/p>\n<p><span style=\"font-size: 12pt;\">3. <a href=\"http:\/\/www.sscn.de\/event\/wagenrennen-lehmkuhlen-bei-preetz\/\">NSC: Lehmkuhlen am 16. und 17. Dezember 17<\/a><\/span><\/p>\n<p><span style=\"font-size: 12pt;\">4. <a href=\"http:\/\/www.sscn.de\/event\/kunrau\/\">SSCN: Kunrau am 17. und 18. M\u00e4rz 18<\/a><\/span><\/p>\n<p><span style=\"font-size: 12pt;\">Die Siegerehrung der Norddeutschen Meisterschaft findet in Kunrau statt.<\/span><\/p>\n<p>&nbsp;<\/p>\n<p><span style=\"font-size: 12pt;\">Wir freuen uns wieder auf ein rege Teilnahme und faire Wettk\u00e4mpfe!<\/span><\/p>\n<p>&nbsp;<\/p>\n<p>&nbsp;<\/p>\n<p style=\"text-align: center;\"><a href=\"http:\/\/www.sscn.de\/wp-content\/uploads\/2018\/04\/NDM_2017-2018_Endstand.pdf\" target=\"_blank\" rel=\"noopener\"><span style=\"font-size: 24pt;\">Endergebnisliste NDM_2017-2018<\/span><\/a><\/p>\n<p>&nbsp;<\/p>\n<p><strong><span style=\"color: #333333;\"><span style=\"font-family: quot;\">Erg\u00e4nzende Erkl\u00e4rung des SSCN<\/span><\/span><\/strong><\/p>\n<p><span style=\"color: #333333;\"><span style=\"font-family: quot;\">Leider ist uns in Kunrau anl\u00e4sslich der Preisverleihung zur Norddeutschen Meisterschaft ein Fehler unterlaufen. Es war ausgeschrieben, dass ab 2 L\u00e4ufen diese auch in die Gesamtwertung kommen und somit ab 2 Rennen bewertet wird. Das wurde so von uns nicht umgesetzt.<\/span><\/span><\/p>\n<p><strong><span style=\"color: #333333;\"><span style=\"font-family: quot;\">Daf\u00fcr m\u00f6chten wir uns bei allen Startern entschuldigen.<\/span><\/span><\/strong><\/p>\n<p><span style=\"color: #333333;\"><span style=\"font-family: quot;\">Die neue Wertung liegt nun vor. Es ergeben sich Verschiebungen. Wir m\u00f6chten die Starter, die falsch bewertet wurden, bitten sich zu melden. Wir schicken entweder neue Pokale, Plaketten und Pl\u00e4tze kostenlos zu.<\/span><\/span><\/p>\n<p><span style=\"color: #333333;\">&nbsp;<\/span><\/p>\n<p><strong><span style=\"color: #333333;\"><span style=\"font-family: quot;\">Es ergeben sich folgende \u00c4nderungen gegen\u00fcber der Rangliste vom Sonntag:<\/span><\/span><\/strong><\/p>\n<p><span style=\"color: #333333;\"><span style=\"font-family: quot;\">CC-Damen: 3. Platz f\u00fcr Tanja J\u00e4ger<\/span><\/span><\/p>\n<p><span style=\"color: #333333;\"><span style=\"font-family: quot;\">DBM 1 Hund, Klasse 1:&nbsp; 3. Platz Alfons Wernecke<\/span><\/span><\/p>\n<p><span style=\"color: #333333;\"><span style=\"font-family: quot;\">DBM 1 Hund, Klasse 3:&nbsp; 3. Platz Ulli Kurzinsky statt Reiner Kurzinsky<\/span><\/span><\/p>\n<p><span style=\"color: #333333;\"><span style=\"font-family: quot;\">DS 1, Klasse 1:&nbsp; 3. Platz Nico Duwe<\/span><\/span><\/p>\n<p><span style=\"color: #333333;\"><span style=\"font-family: quot;\">DS 2, Klasse 1:&nbsp; 3. Platz Beatrix Born statt Tibor Hansen<\/span><\/span><\/p>\n<p><span style=\"color: #333333;\"><span style=\"font-family: quot;\">DS 2, Klasse 3:&nbsp; 1. Platz Martin Sattler, 2. Platz Hansi Fahle, 3. Platz Tibor Hansen statt 1. Platz, Silke Dreyer Platz 4.<\/span><\/span><\/p>\n<p><span style=\"color: #333333;\"><span style=\"font-family: quot;\">DB 2 Hunde, Klasse 1:&nbsp; 2. Platz Sabrina Werneke<\/span><\/span><\/p>\n<p><span style=\"color: #333333;\"><span style=\"font-family: quot;\">DR4, Klasse 2: Platz 1 Rolf Ewald, Platz 2 J\u00f6rg Krohn statt 1.<\/span><\/span><\/p>\n<p><span style=\"color: #333333;\"><span style=\"font-family: quot;\">DR4, Klasse 3: Platz 3 Nicolle Schr\u00f6der statt Torsten Zeigert<\/span><\/span><\/p>\n<p><span style=\"color: #333333;\"><span style=\"font-family: quot;\">DR6, Klasse 1: Platz 2 Hannelore Proske, Platz 3 Jens Einolf,&nbsp; Platz 4 Nicola Rofallksi statt 2.<\/span><\/span><\/p>\n<p><span style=\"color: #333333;\"><span style=\"font-family: quot;\">DR6, Klasse 3: Platz 2 Horst Schr\u00f6der, Platz 3 Frank Hansen statt 2.<\/span><\/span><\/p>\n<p><span style=\"color: #333333;\">&nbsp;<\/span><\/p>\n<p><strong><span style=\"color: #333333;\"><span style=\"font-family: quot;\">Info bitte nur per Mail: roland-jutta-klein@t-online.de<\/span><\/span><\/strong><\/p>\n<p>&nbsp;<\/p>\n<p>&nbsp;<\/p>\n<p>&nbsp;<\/p>\n<p><span style=\"font-size: 12pt;\">Rangliste\/Endergebnisliste des Vorjahres:<\/span><\/p>\n<p><span style=\"font-size: 12pt;\"><a href=\"http:\/\/www.sscn.de\/wp-content\/uploads\/2017\/08\/Rangliste-NDM_2016-2017.pdf\" target=\"_blank\" rel=\"noopener\">Endergebnisliste der NDM 2016\/2017<\/a><\/span><\/p>\n<p>&nbsp;<\/p>\n<p>&nbsp;<\/p>\n<p>&nbsp;<\/p>\n","protected":false},"excerpt":{"rendered":"<p>Liebe Sportlerinnen, liebe Sportler, wie in den vergangenen Jahren veranstalten wir gemeinsam die \u201eNorddeutsche Meisterschaft\u201c. &nbsp; Wir haben dazu Folgendes festgelegt: Es finden 4 Rennen statt. Diese werden von den [&hellip;]<\/p>\n","protected":false},"author":1,"featured_media":0,"parent":0,"menu_order":0,"comment_status":"open","ping_status":"closed","template":"","meta":{"pgc_sgb_lightbox_settings":"","_EventAllDay":false,"_EventTimezone":"","_EventStartDate":"","_EventEndDate":"","_EventStartDateUTC":"","_EventEndDateUTC":"","_EventShowMap":false,"_EventShowMapLink":false,"_EventURL":"","_EventCost":"","_EventCostDescription":"","_EventCurrencySymbol":"","_EventCurrencyCode":"","_EventCurrencyPosition":"","_EventDateTimeSeparator":"","_EventTimeRangeSeparator":"","_EventOrganizerID":[],"_EventVenueID":[],"_OrganizerEmail":"","_OrganizerPhone":"","_OrganizerWebsite":"","_VenueAddress":"","_VenueCity":"","_VenueCountry":"","_VenueProvince":"","_VenueState":"","_VenueZip":"","_VenuePhone":"","_VenueURL":"","_VenueStateProvince":"","_VenueLat":"","_VenueLng":"","_VenueShowMap":false,"_VenueShowMapLink":false,"jetpack_post_was_ever_published":false,"footnotes":""},"class_list":["post-195","page","type-page","status-publish","hentry"],"jetpack_sharing_enabled":true,"jetpack_shortlink":"https:\/\/wp.me\/P90V96-39","jetpack_likes_enabled":true,"_links":{"self":[{"href":"https:\/\/www.sscn.de\/index.php?rest_route=\/wp\/v2\/pages\/195","targetHints":{"allow":["GET"]}}],"collection":[{"href":"https:\/\/www.sscn.de\/index.php?rest_route=\/wp\/v2\/pages"}],"about":[{"href":"https:\/\/www.sscn.de\/index.php?rest_route=\/wp\/v2\/types\/page"}],"author":[{"embeddable":true,"href":"https:\/\/www.sscn.de\/index.php?rest_route=\/wp\/v2\/users\/1"}],"replies":[{"embeddable":true,"href":"https:\/\/www.sscn.de\/index.php?rest_route=%2Fwp%2Fv2%2Fcomments&post=195"}],"version-history":[{"count":13,"href":"https:\/\/www.sscn.de\/index.php?rest_route=\/wp\/v2\/pages\/195\/revisions"}],"predecessor-version":[{"id":2438,"href":"https:\/\/www.sscn.de\/index.php?rest_route=\/wp\/v2\/pages\/195\/revisions\/2438"}],"wp:attachment":[{"href":"https:\/\/www.sscn.de\/index.php?rest_route=%2Fwp%2Fv2%2Fmedia&parent=195"}],"curies":[{"name":"wp","href":"https:\/\/api.w.org\/{rel}","templated":true}]}}