{"id":29452,"date":"2023-12-03T16:07:05","date_gmt":"2023-12-03T15:07:05","guid":{"rendered":"http:\/\/www.sscn.de\/?page_id=29452"},"modified":"2023-12-03T16:07:09","modified_gmt":"2023-12-03T15:07:09","slug":"kunrau-maerz-2024","status":"publish","type":"page","link":"https:\/\/www.sscn.de\/?page_id=29452","title":{"rendered":"Kunrau M\u00e4rz 2024"},"content":{"rendered":"<div id=\"fb-root\"><\/div>\n\n<p><\/p>\n\n\n\n<p><\/p>\n\n\n\n<p><\/p>\n\n\n\n<p>Liebe Sportsfreunde,<\/p>\n\n\n\n<p>manche von euch wissen es ja schon, f\u00fcr alle anderen nun ganz offiziell:<\/p>\n\n\n\n<p>Schweren Herzens m\u00fcssen wir euch mitteilen, dass wir leider keine Rennen mehr in Kunrau veranstalten k\u00f6nnen.<\/p>\n\n\n\n<p><a><\/a>Grund daf\u00fcr ist die absolute Verseuchung durch den Eichenprozessionsspinner \u00fcber die gesamte Strecke und dem Stake Out-Gel\u00e4nde.<\/p>\n\n\n\n<p>Die Brennhaare dieser sich immer weiter ausbreitenden Raupenart sind \u00fcber mehrere Jahre giftig und sie lassen sich nur mit extrem aufwendigen und kostenintensiven Methoden von Experten entfernen.<\/p>\n\n\n\n<p>W\u00e4hrend unseres Trainingslagers Ende September\/Anfang Oktober kam es auch schon bei einigen Mitgliedern zu Reaktionen und auch in der Vergangenheit gab es bei einigen Hunden Reaktionen zu beobachten, die vermutlich auf den Eichenprozessionsspinner zur\u00fcckzuf\u00fchren sind.<\/p>\n\n\n\n<p>Wir wollen weder Hund noch Mensch dieser Gefahr aussetzen, geschweige denn die Verantwortung f\u00fcr eventuelle allergische Reaktionen, die sogar beim Hund t\u00f6dlich enden k\u00f6nnen, \u00fcbernehmen.<\/p>\n\n\n\n<p>Diese Entscheidung fiel uns nicht leicht, da Kunrau nun schon seit \u00fcber 30 Jahren als Rennort zur Verf\u00fcgung stand und f\u00fcr jeden von euch und uns sicherlich viele Erinnerungen geschaffen hat.<\/p>\n","protected":false},"excerpt":{"rendered":"<p>Liebe Sportsfreunde, manche von euch wissen es ja schon, f\u00fcr alle anderen nun ganz offiziell: Schweren Herzens m\u00fcssen wir euch mitteilen, dass wir leider keine Rennen mehr in Kunrau veranstalten [&hellip;]<\/p>\n","protected":false},"author":1,"featured_media":29453,"parent":0,"menu_order":0,"comment_status":"open","ping_status":"closed","template":"","meta":{"pgc_sgb_lightbox_settings":"","_EventAllDay":false,"_EventTimezone":"","_EventStartDate":"","_EventEndDate":"","_EventStartDateUTC":"","_EventEndDateUTC":"","_EventShowMap":false,"_EventShowMapLink":false,"_EventURL":"","_EventCost":"","_EventCostDescription":"","_EventCurrencySymbol":"","_EventCurrencyCode":"","_EventCurrencyPosition":"","_EventDateTimeSeparator":"","_EventTimeRangeSeparator":"","_EventOrganizerID":[],"_EventVenueID":[],"_OrganizerEmail":"","_OrganizerPhone":"","_OrganizerWebsite":"","_VenueAddress":"","_VenueCity":"","_VenueCountry":"","_VenueProvince":"","_VenueState":"","_VenueZip":"","_VenuePhone":"","_VenueURL":"","_VenueStateProvince":"","_VenueLat":"","_VenueLng":"","_VenueShowMap":false,"_VenueShowMapLink":false,"jetpack_post_was_ever_published":false,"footnotes":""},"class_list":["post-29452","page","type-page","status-publish","has-post-thumbnail","hentry"],"jetpack_sharing_enabled":true,"jetpack_shortlink":"https:\/\/wp.me\/P90V96-7F2","jetpack_likes_enabled":true,"_links":{"self":[{"href":"https:\/\/www.sscn.de\/index.php?rest_route=\/wp\/v2\/pages\/29452","targetHints":{"allow":["GET"]}}],"collection":[{"href":"https:\/\/www.sscn.de\/index.php?rest_route=\/wp\/v2\/pages"}],"about":[{"href":"https:\/\/www.sscn.de\/index.php?rest_route=\/wp\/v2\/types\/page"}],"author":[{"embeddable":true,"href":"https:\/\/www.sscn.de\/index.php?rest_route=\/wp\/v2\/users\/1"}],"replies":[{"embeddable":true,"href":"https:\/\/www.sscn.de\/index.php?rest_route=%2Fwp%2Fv2%2Fcomments&post=29452"}],"version-history":[{"count":1,"href":"https:\/\/www.sscn.de\/index.php?rest_route=\/wp\/v2\/pages\/29452\/revisions"}],"predecessor-version":[{"id":29454,"href":"https:\/\/www.sscn.de\/index.php?rest_route=\/wp\/v2\/pages\/29452\/revisions\/29454"}],"wp:featuredmedia":[{"embeddable":true,"href":"https:\/\/www.sscn.de\/index.php?rest_route=\/wp\/v2\/media\/29453"}],"wp:attachment":[{"href":"https:\/\/www.sscn.de\/index.php?rest_route=%2Fwp%2Fv2%2Fmedia&parent=29452"}],"curies":[{"name":"wp","href":"https:\/\/api.w.org\/{rel}","templated":true}]}}